a**4. Calculate g(-6).
-4
Let u(w) = -w**3 + 3*w**2 - w + 1. Suppose 0 = y - 2*y. Let c = y - -2. Calculate u(c).
3
Suppose 0 = -2*l - l + 5*p + 14, 8 = -2*p. Let z(k) be the second derivative of -5*k**3/6 + k**2/2 - 10*k. What is z(l)?
11
Let r(u) = -u**2 - 3*u - 1. Suppose -2*t - 2*n + 25 = t, 4*t + 3*n - 33 = 0. Let m be t*((-21)/9 - -2). Calculate r(m).
-1
Let h(u) = 8*u**2. Suppose -n - 4*m = 17, m + 1 = -3*n - m. Suppose 3*o - 3*z = n, -4*o + 3*z = 5*z + 8. Determine h(o).
8
Let o(b) = 0*b + 0*b + b. Let w(g) = -g**3 + 6*g**2 + 8*g - 3. Let p be w(7). Suppose -s - p = -2. Determine o(s).
-2
Let k(f) = 2*f - 5. Let a(p) be the first derivative of p**2/2 - p + 1. Let v(c) = -3*a(c) + k(c). Calculate v(2).
-4
Let k(c) be the third derivative of c**6/120 - c**5/10 + c**4/6 + c**3/6 + c**2. Let m = 5 + -5. Let x be (3 - 4 - m)*-5. Calculate k(x).
-4
Suppose 12 - 2 = -2*o. Let g(l) = l + 6. Give g(o).
1
Let o(a) be the third derivative of a**4/12 + 5*a**3/6 + 2*a**2. Give o(-6).
-7
Let l = -7 - -15. Suppose -2*h + l = 2*f, h + 2*f = -f + 12. Suppose h*d + 15 = 3*d. Let z(p) = p**2 - 6*p + 6. What is z(d)?
1
Let q(h) = -h**3 + 7*h**2 - 5*h + 2. Let k be q(6). Suppose s - k = -s. Let v(d) = 4*d + s + 0 - 3. Give v(-1).
-3
Let f(n) = -5 + 0*n + 0*n**3 + 0*n - n**3 - 4*n + 6*n**2. Suppose 0 = -4*d + 2*p + 60, -21 - 15 = -4*d - 4*p. Suppose -d - 2 = -3*v. What is f(v)?
0
Let c(h) = -3*h - 10. Let z be c(-5). Let j(q) = -q**2 + 7*q - 4. Calculate j(z).
6
Let p(g) = -g**2 - g - 4. Suppose 4*q + 1 = -11. What is p(q)?
-10
Let n(l) be the first derivative of 3 - 2 + 4*l - 2*l + 0 + l**2. Calculate n(-3).
-4
Suppose c + 3 = -5*p, -4*c + 5*c + p - 1 = 0. Suppose m + c*m = -12. Let o(q) = -q**3 - 4*q**2 + q. What is o(m)?
-4
Let u(x) = 1 + 7*x**2 - x + x**3 - 8 + 5*x. Let g be u(-6). Let m(f) be the third derivative of f**6/120 - f**5/15 - f**4/4 + f**3 - f**2. Calculate m(g).
1
Let u(j) = -j**3 + 3*j**2 + 4. Let v = -13 - -8. Let k = v + 10. Suppose k*y + 9 = 24. Give u(y).
4
Let v(x) = -4*x**2 - 2*x + 5. Let o = 4 + -1. Let g(t) = 3 - 3 - 3 + 9*t**2 + 5*t - 7. Let m(p) = o*g(p) + 7*v(p). Determine m(4).
-7
Let y(x) = 0*x + 2*x + 2 + 1. Let h = 23 - 40. Let m = h - -13. What is y(m)?
-5
Let c be (-6)/(5 - (-12)/(-4)). Let h(l) be the second derivative of l**5/20 + l**4/6 - l**3/2 - l. Give h(c).
0
Let c be (8/20)/((-2)/30). Let t = 10 + c. Suppose y - 1 = t. Let l(a) = a - 6. What is l(y)?
-1
Let i(k) = k**2 + 4*k + 3. Suppose -15 = 5*x + 10. Give i(x).
8
Suppose 4*f - 42 = f - 3*b, -14 = -f - 2*b. Let i = 20 - f. Let z(w) = -5 - 5*w + 3*w**3 - 3*w**3 + 7*w**2 - w**3. What is z(i)?
1
Suppose 0 = 4*o - 2*o + 2. Let i(q) be the second derivative of -3*q**5/5 + q**3/3 + q**2/2 - q. Determine i(o).
11
Let g(y) = -12*y + 1. Suppose 0 = -0*b - 5*b + 25. Suppose 26 = b*p + v, -6*v = -2*v - 4. Suppose p = -0*m + 5*m. Determine g(m).
-11
Let o(x) = x + 5. Let c be (-4*1)/((-8)/12). Let h be (0 - -1)*c + 0. Let v be 0/h*1/(-2). What is o(v)?
5
Let b(u) be the first derivative of 5*u**3 - 3*u**2/2 + 9*u - 3. Let h(z) = -8*z**2 + 2*z - 5. Let l(n) = 6*b(n) + 11*h(n). Calculate l(-3).
5
Let r(w) = -3*w**3 - 4*w**2 - w - 2. Let z(t) = -t**3 + t**2 + t + 1. Let k(s) = -r(s) - 2*z(s). Let v be 3/(-21) - (-1)/(-7)*-8. Give k(v).
6
Let h be (2/(-3))/(2/(-6)). Let v(j) = j**2 - j + 1. Let t be v(h). Let l(o) be the third derivative of o**6/120 - o**5/20 - 2*o**3/3 + 8*o**2. Give l(t).
-4
Suppose -4 - 14 = -3*y. Suppose 3*x = 6*x + y. Let r(v) = -18. Let m(t) = -t + 22. Let k(o) = -4*m(o) - 5*r(o). What is k(x)?
-6
Let o(j) = j + 3. Let b be (-12)/(-4) - 2 - -3. Suppose b*i + 8 = -2*k, 6 + 1 = -2*k - 3*i. Calculate o(k).
1
Let b(x) = -x. Let v be b(-2). Let g(t) = 9 - 2 - 5 - 2*t. What is g(v)?
-2
Let f(k) = 5*k. Let n(i) = i**2 + i - 1. Let w be n(-2). Determine f(w).
5
Suppose -x + 2*x - 2 = t, 4*x = -2*t - 4. Let s(r) be the first derivative of 0*r**2 + 2*r - 3 - 2/3*r**3. Calculate s(t).
-6
Let s(d) = -3*d**3 - 3*d + 2. Let o(h) = -16*h**3 + h**2 - 16*h + 10. Let q(g) = 2*o(g) - 11*s(g). Let z(v) = v - 6. Let m be z(4). Give q(m).
-4
Let s(i) = 2*i - 5. Let t be s(5). Let z(y) be the second derivative of -y**3/6 - y**2 + 9*y. Determine z(t).
-7
Let b(q) = q**3 + 5*q**2 - 6*q - 4. Suppose 35*u = 9*u - 156. What is b(u)?
-4
Let g(s) = -9 + 4*s + 0*s**2 + 1 + s**2. Let j be g(-6). Suppose 4*w - 1 = 3*h - 2, j*h + 5*w = -9. Let b(m) = 4*m**3 - 2*m**2 - 2*m - 1. Calculate b(h).
-5
Let z(r) be the first derivative of r**7/840 - r**6/180 - r**5/24 - r**4/12 + r**3 + 2. Let m(q) be the third derivative of z(q). Calculate m(4).
10
Let f(v) = -2*v - 5. Let b(q) = -q - 2. Let j(d) = 15*b(d) - 6*f(d). Determine j(-3).
9
Let u(c) = c**2 + 10*c + 5. Let p be u(-9). Let z(j) = -j**3 + 2*j**2 + j - 2. Let i(d) = -d**2 + 1. Let r(n) = -6*i(n) - z(n). Determine r(p).
0
Let o be (-4)/(-2) + (1 - 4). Let y(a) = a**2 - 1. Let d(m) = -7*m**2 + 6. Let t(b) = d(b) + 6*y(b). Determine t(o).
-1
Suppose 2*k + 5 = -1. Let v = 0 - k. Let t(i) = -5*i**2 - 4*i + 5 - i**2 - i**v - i. Calculate t(-5).
5
Let g(a) = -2*a + 4. Let i(s) = 3*s - 7. Let c(v) = 11*g(v) + 6*i(v). What is c(2)?
-6
Suppose -5*a = v + 17, -v + 6 = -5*a - 17. Let f be (1 + v - 2)/(-2). Let u(s) = 6*s + 1. Determine u(f).
-5
Let a(z) = -4*z**3 + 5*z**2 - 11*z + 11. Suppose -5*i + 36 = -19. Let n(m) = m**3 - m**2 + 2*m - 2. Let f = -3 + 5. Let r(d) = f*a(d) + i*n(d). Give r(1).
2
Suppose -4*d + 5*s = -10 + 7, 5*d = 4*s + 6. Let z(r) = -2*r**3 + 3*r**2 + r - 2. What is z(d)?
-4
Suppose 6*y + 3 - 9 = 0. Let w(l) = -8*l**3 + 2*l - 1. What is w(y)?
-7
Let t(y) = y**3 - 6*y**2 - 2*y + 6. Let v(k) = -k**3 - 8*k**2 + k - 8. Let c be v(-8). Let z = c - -22. Give t(z).
-6
Let t(v) = 12*v**2 - v. Suppose -2*a + 6*a = -4. Give t(a).
13
Let k(r) = 9*r**3 - 8*r**3 + 5*r**2 + 0*r**3 + 6 - 4*r. Give k(-6).
-6
Let h(f) = -5*f**3 + 2*f**3 + 6*f**2 + 0 + 2*f**3 + 4 - 6*f. What is h(5)?
-1
Let r(b) = b**3 + 2*b**2 - 3*b - 2. Suppose 2*f - 3*f = -14. Let y(s) = s**2 - 5*s + 4. Let a be y(5). Suppose a*m - 2 = -f. What is r(m)?
-2
Let c(l) be the first derivative of -l**3/3 - 3*l**2/2 - l - 1. Let g(h) = 0*h - 35 + 41 + h. Let v be g(-10). Calculate c(v).
-5
Let m = -6 - -5. Let n = 3 + m. Let g(d) = -d**3 + 2*d**2 - 3*d + 2. What is g(n)?
-4
Suppose -2*x - 4 = -2. Let m(v) = -v - 7. Let l be m(-10). Let a(n) = 5*n**3 + 1 + n**2 + 7*n**l - 6*n**3 + 2*n. Determine a(x).
-6
Let r(f) = -f**2 + 5*f + 2. Let j be 9*((-16)/6)/4. Let u = j - -11. Let s = u + -1. Give r(s).
6
Suppose -2*o - 7 = -3. Let v be (o/(-10))/(23/230). Let n(a) be the first derivative of -a**2 + 2*a - 1. What is n(v)?
-2
Let a(t) = 3*t**3 + t**2 - t + 1. Let u be a(1). Let z(m) = m**3 + m**2 + 2 + 0 - 5*m + 4*m - 5*m**2. Give z(u).
-2
Let h = -43 - -50. Let w(z) = -z - 7. Give w(h).
-14
Let y(d) = -d**2 + 1. Let n be y(0). Let k(h) = h**3 + 2*h**2 - h. Determine k(n).
2
Suppose -42*t + 43*t = 6. Let f(r) = 2*r + 3. Determine f(t).
15
Let r(l) = -15*l - 6. Let x(p) = 22*p + 9. Let y(m) = 8*r(m) + 5*x(m). Determine y(-2).
17
Suppose -1 = 4*g - 5. Let v(x) = x + x**2 - g - 2*x + 4*x + x. Calculate v(-4).
-1
Let m = 11 - 12. Let i(w) = 19*w**2 - w - 1. Determine i(m).
19
Let j(l) be the third derivative of -l**4/8 - 5*l**3/6 - l**2 + 4*l. Determine j(-6).
13
Let b(i) = 3*i + 4. Suppose -6*o - 17 = 1. What is b(o)?
-5
Suppose 0 = 3*v + v - 20. Let h(u) = -u**2 + 3*u + 7. Calculate h(v).
-3
Suppose 2*r = -6, y - r + 1 = 2*y. Let m(j) = -j + 6. Calculate m(y).
2
Let y = -17 - -24. Let m(b) = -7*b**2 + 8*b - 5. Let d(s) = 10*s**2 - 12*s + 7. Let g(u) = y*m(u) + 5*d(u). Determine g(5).
5
Let t = 5 - 7. Let r(j) = -2 + 4591*j**2 - 3*j - 4591*j**2 + 2*j + j**3. What is r(t)?
-8
Let s = 3 + -2. Let k(y) = s - 5*y + 0*y - 2 - 3. Determine k(-3).
11
Let m(h) = 3*h - 5. Suppose -3*s = -7*s. Suppose f = -5*b + 9 + 9, 5*b + 5*f - 30 = 0. Suppose -2*a = -4*c + 1 + 15, s = b*a. Determine m(c).
7
Suppose 20*r = 25*r + 25. Let n(g) = 2*g**2 + 7*g - 2. Calculate n(r).
13
Let w(u) be the second derivative of u**5/20 + 11*u**4/12 + 11*u**3/6 + 2*u**2 + 22*u. Calculate w(-10).
-6
Let o = 26 + -38. Let x be (-18)/o*2/1. Let q(a) = -4*a**2 - a**x - 3*a**2 + 3*a**2 - 5*a - a**2 + 1. What is q(-4)?
5
Let k(r) 